se 16.
55
Convert -84 (base 15) to base 3.
-11121
What is -11 (base 6) in base 7?
-10
8 (base 9) to base 7
11
6 (base 10) to base 6
10
Convert -2 (base 12) to base 2.
-10
1 (base 7) to base 15
1
What is 0 (base 9) in base 12?
0
-2 (base 4) to base 8
-2
What is -4 (base 16) in base 8?
-4
What is -10021 (base 3) in base 6?
-224
Convert 33 (base 8) to base 9.
30
Convert -32 (base 10) to base 14.
-24
What is 4 (base 9) in base 6?
4
Convert 40 (base 16) to base 6.
144
Convert 13 (base 15) to base 3.
200
Convert -3d (base 15) to base 5.
-213
Convert -58 (base 14) to base 12.
-66
What is 0 (base 14) in base 5?
0
103 (base 8) to base 4
1003
Convert -69 (base 13) to base 2.
-1010111
What is 2 (base 14) in base 8?
2
-3302 (base 4) to base 9
-288
What is -15 (base 6) in base 11?
-10
What is 30 (base 6) in base 4?
102
Convert -101 (base 4) to base 13.
-14
-1 (base 10) to base 6
-1
1000 (base 2) to base 7
11
What is -b (base 13) in base 7?
-14
Convert 198 (base 10) to base 5.
1243
Convert 2000 (base 4) to base 16.
80
Convert -204 (base 6) to base 5.
-301
-3 (base 8) to base 5
-3
What is -14 (base 14) in base 4?
-102
What is 103 (base 7) in base 6?
124
Convert -a (base 12) to base 14.
-a
-b0 (base 13) to base 10
-143
105 (base 6) to base 9
45
-11 (base 3) to base 10
-4
-1b (base 13) to base 5
-44
Convert 4 (base 11) to base 7.
4
4 (base 9) to base 11
4
-3 (base 11) to base 6
-3
-21 (base 16) to base 15
-23
What is 105 (base 7) in base 5?
204
Convert 1101 (base 3) to base 11.
34
Convert -8 (base 11) to base 7.
-11
-e9 (base 15) to base 10
-219
Convert 0 (base 6) to base 4.
0
Convert 20 (base 10) to base 3.
202
Convert 7d (base 16) to base 3.
11122
What is -7 (base 11) in base 2?
-111
Convert -43 (base 9) to base 5.
-124
4a (base 16) to base 6
202
Convert -4 (base 16) to base 12.
-4
What is 10100101 (base 2) in base 3?
20010
Convert 1 (base 2) to base 12.
1
Convert -24 (base 12) to base 10.
-28
Convert 42 (base 10) to base 11.
39
21 (base 6) to base 14
d
-101 (base 3) to base 14
-a
What is 1010 (base 3) in base 2?
11110
-10 (base 3) to base 10
-3
Convert -21 (base 12) to base 4.
-121
What is 1 (base 3) in base 2?
1
Convert -13 (base 10) to base 16.
-d
-2 (base 12) to base 4
-2
What is -42 (base 5) in base 6?
-34
-2203 (base 4) to base 12
-117
-4 (base 12) to base 10
-4
Convert -1000 (base 2) to base 9.
-8
Convert -2 (base 5) to base 14.
-2
11101111 (base 2) to base 15
10e
What is -3 (base 4) in base 8?
-3
Convert -101 (base 4) to base 14.
-13
What is -58 (base 16) in base 13?
-6a
What is 1100 (base 2) in base 9?
13
What is -27 (base 8) in base 16?
-17
-2 (base 8) to base 2
-10
5 (base 9) to base 2
101
What is 1a (base 14) in base 2?
11000
What is -102 (base 4) in base 10?
-18
151 (base 11) to base 3
20120
Convert 3 (base 10) to base 14.
3
-1 (base 2) to base 15
-1
What is b (base 16) in base 14?
b
What is 131 (base 4) in base 2?
11101
Convert 1 (base 10) to base 16.
1
5 (base 9) to base 10
5
Convert -30 (base 5) to base 12.
-13
-120 (base 4) to base 7
-33
-3 (base 8) to base 12
-3
-11 (base 16) to base 14
-13
What is 12 (base 8) in base 14?
a
-189 (base 15) to base 8
-542
Convert -110111 (base 3) to base 16.
-151
What is -15 (base 7) in base 14?
-c
42 (base 5) to base 12
1a
What is 3 (base 14) in base 9?
3
What is 35 (base 6) in base 5?
43
3 (base 6) to base 3
10
What is -152 (base 10) in base 12?
-108
Convert 133 (base 5) to base 2.
101011
0 (base 11) to base 14
0
-12 (base 4) to base 11
-6
What is -220 (base 3) in base 6?
-40
-102 (base 3) to base 16
-b
Convert -13 (base 10) to base 14.
-d
Convert -19 (base 13) to base 9.
-24
What is 3 (base 7) in base 6?
3
What is 15 (base 8) in base 15?
d
What is 197 (base 10) in base 13?
122
13 (base 10) to base 13
10
-33 (base 12) to base 14
-2b
What is 2 (base 16) in base 15?
2
What is -62 (base 8) in base 14?
-38
What is -2 (base 7) in base 4?
-2
What is 9 (base 12) in base 14?
9
Convert 2 (base 15) to base 13.
2
112 (base 7) to base 10
58
Convert 2b (base 13) to base 16.
25
4 (base 5) to base 14
4
What is 17d (base 15) in base 4?
11113
Convert 1101100 (base 2) to base 7.
213
16 (base 12) to base 16
12
-15 (base 11) to base 10
-16
What is -3 (base 5) in base 14?
-3
10011001 (base 2) to base 13
ba
-1 (base 2) to base 3
-1
-12 (base 7) to base 13
-9
4 (base 13) to base 15
4
-14 (base 7) to base 14
-b
Convert -1 (base 6) to base 16.
-1
What is 5 (base 10) in base 3?
12
What is 110111 (base 3) in base 11?
287
What is b2 (base 14) in base 11?
132
Convert 234 (base 11) to base 10.
279
What is -62 (base 16) in base 12?
-82
Convert -1 (base 5) to base 14.
-1
13 (base 6) to base 5
14
334 (base 7) to base 9
211
Convert -4 (base 9) to base 4.
-10
Convert -181 (base 10) to base 7.
-346
What is 48 (base 16) in base 4?
1020
What is 2b (base 14) in base 11?
36
-140 (base 12) to base 9
-233
Convert 2 (base 13) to base 6.
2
Convert -27 (base 10) to base 12.
-23
What is 5 (base 15) in base 16?
5
132 (base 7) to base 13
57
What is 58 (base 9) in base 2?
110101
Convert 1 (base 5) to base 14.
1
12 (base 4) to base 14
6
Convert 23 (base 16) to base 9.
38
Convert 7 (base 13) to base 16.
7
Convert -1 (base 13) to base 14.
-1
102 (base 3) to base 7
14
1100010 (base 2) to base 3
10122
What is 1a (base 13) in base 5?
43
Convert 0 (base 8) to base 3.
0
Convert a (base 15) to base 5.
20
What is -1 (base 14) in base 4?
-1
Convert ae (base 15) to base 12.
118
What is -d (base 14) in base 8?
-15
What is -2111 (base 5) in base 16?
-119
13 (base 6) to base 10
9
a2 (base 14) to base 4
2032
42 (base 10) to base 16
2a
-11 (base 3) to base 10
-4
Convert 0 (base 10) to base 7.
0
-74 (base 15) to base 6
-301
Convert -1 (base 8) to base 12.
-1
Convert -12 (base 4) to base 9.
-6
Convert 2b (base 14) to base 10.
39
What is -29 (base 11) in base 10?
-31
What is -22 (base 3) in base 5?
-13
What is -e (base 15) in base 10?
-14
0 (base 13) to base 4
0
What is -2 (base 11) in base 3?
-2
Convert 21 (base 3) to base 14.
7
-3 (base 11) to base 16
-3
What is 1b4 (base 14) in base 3?
111010
1 (base 3) to base 7
1
Convert 135 (base 9) to base 12.
95
Convert -6 (base 12) to base 9.
-6
-11 (base 3) to base 15
-4
-11330 (base 4) to base 7
-1052
2a (base 12) to base 7
46
Convert -2 (base 10) to base 12.
-2
Convert 11 (base 2) to base 10.
3
21 (base 4) to base 12
9
What is 38 (base 12) in base 4?
230
Convert 3 (base 4) to base 12.
3
-12 (base 9) to base 14
-b
What is -11 (base 5) in base 4?
-12
Convert 5 (base 14) to base 16.
5
Convert -134 (base 6) to base 4.
-322
20 (base 8) to base 9
17
16 (base 15) to base 7
30
Convert -336 (base 8) to base 5.
-1342
Convert -54 (base 11) to base 15.
-3e
-101 (base 3) to base 7
-13
Convert 21 (base 5) to base 8.
13
Convert -2 (base 5) to base 13.
-2
-24 (base 6) to base 12
-14
What is -27 (base 10) in base 13?
-21
What is 1 (base 4) in base 6?
1
What is -5 (base 9) in base 3?
-12
What is -1 (base 8) in base 13?
-1
100 (base 3) to base 7
12
Convert -4 (base 8) to base 15.
-4
Convert 12 (base 3) to base 7.
5
Convert -3 (base 11) to base 13.
-3
6 (base 10) to base 16
6
Convert -182 (base 10) to base 11.
-156
Convert -7 (base 9) to base 3.
-21
Convert -9 (base 11) to base 2.
-1001
Convert 6 (base 13) to base 15.
6
Convert -21 (base 6) to base 12.
-11
What is 0 (base 8) in base 10?
0
10 (base 9) to base 3
100
10 (base 13) to base 7
16
Convert -7 (base 8) to base 15.
-7
Convert -32 (base 7) to base 10.
-23
What is 1000 (base 2) in base 9?
8
What is -134 (base 9) in base 14?
-80
-10 (base 16) to base 13
-13
What is 143 (base 11) in base 14?
c0
What is -34 (base 14) in base 12?
-3a
-1b (base 13) to base 8
-30
Convert 1210 (base 4) to base 13.
79
Convert -104 (base 9) to base 10.
-85
Convert -153 (base 10) to base 6.
-413
What is -1 (base 15) in base 4?
-1
-20 (base 11) to base 14
-18
Convert -23 (base 15) to base 13.
-27
Convert 7 (base 8) to base 7.
10
What is -21 (base 8) in base 7?
-23
-6 (base 11) to base 9
-6
What is -2 (base 11) in base 13?
-2
Convert 44 (base 5) to base 3.
220
What is -53 (base 11) in base 5?
-213
Convert 1 (base 11) to base 12.
1
What is -4 (base 13) in base 8?
-4
-5 (base 8) to base 5
-10
-2 (base 16) to base 6
-2
Convert -5 (base 16) to base 10.
-5
What is 1010 (base 3) in base 11?
28
Convert 190 (base 13) to base 9